{"id":80,"date":"2020-06-11T09:33:48","date_gmt":"2020-06-11T09:33:48","guid":{"rendered":"http:\/\/maigrirsansregime.net\/?page_id=80"},"modified":"2020-06-11T10:16:28","modified_gmt":"2020-06-11T10:16:28","slug":"temoignages","status":"publish","type":"page","link":"https:\/\/maigrirsansregime.net\/?page_id=80","title":{"rendered":"T\u00e9moignages"},"content":{"rendered":"\n<p>D&#8217;autres sont pass\u00e9s par les m\u00eames difficult\u00e9s que vous, et ont choisi de me faire confiance pour les accompagner dans une d\u00e9marche de reconstruction. <br>Leurs t\u00e9moignages peuvent vous inspirer.<\/p>\n\n\n\n<div id=\"js_widget\" class=\"ie-common-widget ie-reviews\"> <script type=\"text\/javascript\" src=\"https:\/\/www.psychologue.net\/widget\/review_extended?com=335262&amp;h=973459dd897fd322da7e268f79f03dca&amp;v=10\"><\/script> <div class=\"portal-by\"> <a id=\"js_portal_by\" href=\"https:\/\/www.psychologue.net\" style=\"text-decoration:none; color:#5d5d5d;\" target=\"_blank\" rel=\"noopener\"> Par <span style=\"color:#139CE8;\">Psychologue.net<\/span> <\/a> <\/div> <\/div>\n\n\n\n<p><\/p>\n","protected":false},"excerpt":{"rendered":"<p>D&#8217;autres sont pass\u00e9s par les m\u00eames difficult\u00e9s que vous, et ont choisi de me faire confiance pour les accompagner dans une d\u00e9marche de reconstruction. Leurs t\u00e9moignages peuvent vous inspirer. Par Psychologue.net<\/p>\n","protected":false},"author":1,"featured_media":0,"parent":0,"menu_order":0,"comment_status":"closed","ping_status":"closed","template":"","meta":{"footnotes":""},"class_list":["post-80","page","type-page","status-publish","hentry"],"_links":{"self":[{"href":"https:\/\/maigrirsansregime.net\/index.php?rest_route=\/wp\/v2\/pages\/80","targetHints":{"allow":["GET"]}}],"collection":[{"href":"https:\/\/maigrirsansregime.net\/index.php?rest_route=\/wp\/v2\/pages"}],"about":[{"href":"https:\/\/maigrirsansregime.net\/index.php?rest_route=\/wp\/v2\/types\/page"}],"author":[{"embeddable":true,"href":"https:\/\/maigrirsansregime.net\/index.php?rest_route=\/wp\/v2\/users\/1"}],"replies":[{"embeddable":true,"href":"https:\/\/maigrirsansregime.net\/index.php?rest_route=%2Fwp%2Fv2%2Fcomments&post=80"}],"version-history":[{"count":2,"href":"https:\/\/maigrirsansregime.net\/index.php?rest_route=\/wp\/v2\/pages\/80\/revisions"}],"predecessor-version":[{"id":87,"href":"https:\/\/maigrirsansregime.net\/index.php?rest_route=\/wp\/v2\/pages\/80\/revisions\/87"}],"wp:attachment":[{"href":"https:\/\/maigrirsansregime.net\/index.php?rest_route=%2Fwp%2Fv2%2Fmedia&parent=80"}],"curies":[{"name":"wp","href":"https:\/\/api.w.org\/{rel}","templated":true}]}}